{"id":914,"date":"2023-08-31T16:46:35","date_gmt":"2023-08-31T16:46:35","guid":{"rendered":"https:\/\/rnmcadvocacia.com\/?page_id=914"},"modified":"2023-09-01T13:57:32","modified_gmt":"2023-09-01T13:57:32","slug":"ana-carolina-do-nascimento","status":"publish","type":"page","link":"https:\/\/rnmcadvocacia.com\/en\/ana-carolina-do-nascimento\/","title":{"rendered":"Ana Carolina do Nascimento"},"content":{"rendered":"<div data-elementor-type=\"wp-page\" data-elementor-id=\"914\" class=\"elementor elementor-914\">\n\t\t\t\t\t\t<section class=\"elementor-section elementor-top-section elementor-element elementor-element-9ddb432 elementor-section-boxed elementor-section-height-default elementor-section-height-default\" data-id=\"9ddb432\" data-element_type=\"section\" data-e-type=\"section\" data-settings=\"{&quot;background_background&quot;:&quot;classic&quot;}\">\n\t\t\t\t\t\t<div class=\"elementor-container elementor-column-gap-default\">\n\t\t\t\t\t<div class=\"elementor-column elementor-col-100 elementor-top-column elementor-element elementor-element-a0f5642\" data-id=\"a0f5642\" data-element_type=\"column\" data-e-type=\"column\">\n\t\t\t<div class=\"elementor-widget-wrap elementor-element-populated\">\n\t\t\t\t\t\t<section class=\"elementor-section elementor-inner-section elementor-element elementor-element-ae0e012 elementor-section-boxed elementor-section-height-default elementor-section-height-default\" data-id=\"ae0e012\" data-element_type=\"section\" data-e-type=\"section\">\n\t\t\t\t\t\t<div class=\"elementor-container elementor-column-gap-default\">\n\t\t\t\t\t<div class=\"elementor-column elementor-col-50 elementor-inner-column elementor-element elementor-element-ff7af9e\" data-id=\"ff7af9e\" data-element_type=\"column\" data-e-type=\"column\">\n\t\t\t<div class=\"elementor-widget-wrap elementor-element-populated\">\n\t\t\t\t\t\t<div class=\"elementor-element elementor-element-61737c6 elementor-widget elementor-widget-image\" data-id=\"61737c6\" data-element_type=\"widget\" data-e-type=\"widget\" data-widget_type=\"image.default\">\n\t\t\t\t<div class=\"elementor-widget-container\">\n\t\t\t\t\t\t\t\t\t\t\t\t\t\t\t<img fetchpriority=\"high\" decoding=\"async\" width=\"605\" height=\"595\" src=\"https:\/\/rnmcadvocacia.com\/wp-content\/uploads\/2023\/08\/53F53A62-20F0-4D05-ABF8-54EF8825ECA4-1-e1693577684439.jpeg\" class=\"attachment-large size-large wp-image-909\" alt=\"Ana Carolina NAscimento\" srcset=\"https:\/\/rnmcadvocacia.com\/wp-content\/uploads\/2023\/08\/53F53A62-20F0-4D05-ABF8-54EF8825ECA4-1-e1693577684439.jpeg 605w, https:\/\/rnmcadvocacia.com\/wp-content\/uploads\/2023\/08\/53F53A62-20F0-4D05-ABF8-54EF8825ECA4-1-e1693577684439-300x295.jpeg 300w\" sizes=\"(max-width: 605px) 100vw, 605px\" \/>\t\t\t\t\t\t\t\t\t\t\t\t\t\t\t<\/div>\n\t\t\t\t<\/div>\n\t\t\t\t<div class=\"elementor-element elementor-element-2ddb756 elementor-widget elementor-widget-heading\" data-id=\"2ddb756\" data-element_type=\"widget\" data-e-type=\"widget\" data-widget_type=\"heading.default\">\n\t\t\t\t<div class=\"elementor-widget-container\">\n\t\t\t\t\t<h3 class=\"elementor-heading-title elementor-size-default\">Ana Carolina do Nascimento<\/h3>\t\t\t\t<\/div>\n\t\t\t\t<\/div>\n\t\t\t\t<div class=\"elementor-element elementor-element-43a8041 elementor-widget elementor-widget-heading\" data-id=\"43a8041\" data-element_type=\"widget\" data-e-type=\"widget\" data-widget_type=\"heading.default\">\n\t\t\t\t<div class=\"elementor-widget-container\">\n\t\t\t\t\t<h4 class=\"elementor-heading-title elementor-size-default\">CP 55938L<\/h4>\t\t\t\t<\/div>\n\t\t\t\t<\/div>\n\t\t\t\t\t<\/div>\n\t\t<\/div>\n\t\t\t\t<div class=\"elementor-column elementor-col-50 elementor-inner-column elementor-element elementor-element-4508865\" data-id=\"4508865\" data-element_type=\"column\" data-e-type=\"column\">\n\t\t\t<div class=\"elementor-widget-wrap elementor-element-populated\">\n\t\t\t\t\t\t<div class=\"elementor-element elementor-element-79f378f elementor-widget elementor-widget-text-editor\" data-id=\"79f378f\" data-element_type=\"widget\" data-e-type=\"widget\" data-widget_type=\"text-editor.default\">\n\t\t\t\t<div class=\"elementor-widget-container\">\n\t\t\t\t\t\t\t\t\t<p><span style=\"font-weight: 400;\">Advogada com 21 anos de atua\u00e7\u00e3o.\u00a0Atuou no Brasil entre 2002 e 2017 e atualmente \u00e9 jurista no Brasil e advogada em Portugal desde 2016.\u00a0<\/span><\/p><p><span style=\"font-weight: 400;\">Licenciada em Direito pela Universidade Gama Filho, no Rio de Janeiro, Brasil, em Mar\u00e7o de 2002.<\/span><\/p><p><span style=\"font-weight: 400;\">Graduou-se\u00a0Mestre em Ci\u00eancias Jur\u00eddico-Internacionais pela Universidade de Lisboa, Lisboa, Portugal.\u00a0<\/span><\/p><p><span style=\"font-weight: 400;\">\u00c9 Formadora Certificada (CCP), capacitada para prestar forma\u00e7\u00f5es na \u00e1rea jur\u00eddica.<\/span><\/p><p><span style=\"font-weight: 400;\">Possui Especializa\u00e7\u00e3o Avan\u00e7ada em Direito Notarial pela KaizenCert \u2013 Law and Management School, Portugal.<\/span><\/p><p><span style=\"font-weight: 400;\">\u00c9 Master Business Administration em Direito Empresarial pela Funda\u00e7\u00e3o Getulio Vargas &#8211; Rio de Janeiro, Brasil e P\u00f3s-Graduada em Direito Processual Civil pelas Universidades C\u00e2ndido Mendes e Veiga de Almeida &#8211; Rio de Janeiro, Brasil.<\/span><\/p><p><span style=\"font-weight: 400;\">No Brasil atuou como Advogada e Coordenadora de Equipas com passagem pelos Escrit\u00f3rios Sahione, Advogados, Rio de Janeiro, Brasil; TKAR, Advogados, Rio de Janeiro, Brasil e pelo Departamento Jur\u00eddico do Instituto de Desenvolvimento Educacional da Funda\u00e7\u00e3o Getulio Vargas, Rio de Janeiro \u2013 Escrit\u00f3rio D\u00e9cio Freire.\u00a0<\/span><\/p><p><span style=\"font-weight: 400;\">Em Portugal, atua em pr\u00e1tica individual desde 2016<\/span><\/p>\t\t\t\t\t\t\t\t<\/div>\n\t\t\t\t<\/div>\n\t\t\t\t\t<\/div>\n\t\t<\/div>\n\t\t\t\t\t<\/div>\n\t\t<\/section>\n\t\t\t\t\t<\/div>\n\t\t<\/div>\n\t\t\t\t\t<\/div>\n\t\t<\/section>\n\t\t\t\t<\/div>","protected":false},"excerpt":{"rendered":"<p>Ana Carolina do Nascimento CP 55938L Advogada com 21 anos de atua\u00e7\u00e3o.\u00a0Atuou no Brasil entre 2002 e 2017 e atualmente \u00e9 jurista no Brasil e advogada em Portugal desde 2016.\u00a0 Licenciada em Direito pela Universidade Gama Filho, no Rio de Janeiro, Brasil, em Mar\u00e7o de 2002. Graduou-se\u00a0Mestre em Ci\u00eancias Jur\u00eddico-Internacionais pela Universidade de Lisboa, Lisboa, [&hellip;]<\/p>","protected":false},"author":1,"featured_media":0,"parent":0,"menu_order":0,"comment_status":"closed","ping_status":"closed","template":"elementor_header_footer","meta":{"footnotes":""},"class_list":["post-914","page","type-page","status-publish","hentry"],"_links":{"self":[{"href":"https:\/\/rnmcadvocacia.com\/en\/wp-json\/wp\/v2\/pages\/914","targetHints":{"allow":["GET"]}}],"collection":[{"href":"https:\/\/rnmcadvocacia.com\/en\/wp-json\/wp\/v2\/pages"}],"about":[{"href":"https:\/\/rnmcadvocacia.com\/en\/wp-json\/wp\/v2\/types\/page"}],"author":[{"embeddable":true,"href":"https:\/\/rnmcadvocacia.com\/en\/wp-json\/wp\/v2\/users\/1"}],"replies":[{"embeddable":true,"href":"https:\/\/rnmcadvocacia.com\/en\/wp-json\/wp\/v2\/comments?post=914"}],"version-history":[{"count":7,"href":"https:\/\/rnmcadvocacia.com\/en\/wp-json\/wp\/v2\/pages\/914\/revisions"}],"predecessor-version":[{"id":931,"href":"https:\/\/rnmcadvocacia.com\/en\/wp-json\/wp\/v2\/pages\/914\/revisions\/931"}],"wp:attachment":[{"href":"https:\/\/rnmcadvocacia.com\/en\/wp-json\/wp\/v2\/media?parent=914"}],"curies":[{"name":"wp","href":"https:\/\/api.w.org\/{rel}","templated":true}]}}

<div data-elementor-type="wp-page" data-elementor-id="914" class="elementor elementor-914">
						<section class="elementor-section elementor-top-section elementor-element elementor-element-9ddb432 elementor-section-boxed elementor-section-height-default elementor-section-height-default" data-id="9ddb432" data-element_type="section" data-e-type="section" data-settings="{&quot;background_background&quot;:&quot;classic&quot;}">
						<div class="elementor-container elementor-column-gap-default">
					<div class="elementor-column elementor-col-100 elementor-top-column elementor-element elementor-element-a0f5642" data-id="a0f5642" data-element_type="column" data-e-type="column">
			<div class="elementor-widget-wrap elementor-element-populated">
						<section class="elementor-section elementor-inner-section elementor-element elementor-element-ae0e012 elementor-section-boxed elementor-section-height-default elementor-section-height-default" data-id="ae0e012" data-element_type="section" data-e-type="section">
						<div class="elementor-container elementor-column-gap-default">
					<div class="elementor-column elementor-col-50 elementor-inner-column elementor-element elementor-element-ff7af9e" data-id="ff7af9e" data-element_type="column" data-e-type="column">
			<div class="elementor-widget-wrap elementor-element-populated">
						<div class="elementor-element elementor-element-61737c6 elementor-widget elementor-widget-image" data-id="61737c6" data-element_type="widget" data-e-type="widget" data-widget_type="image.default">
				<div class="elementor-widget-container">
															<img fetchpriority="high" decoding="async" width="605" height="595" src="https://rnmcadvocacia.com/wp-content/uploads/2023/08/53F53A62-20F0-4D05-ABF8-54EF8825ECA4-1-e1693577684439.jpeg" class="attachment-large size-large wp-image-909" alt="Ana Carolina NAscimento" srcset="https://rnmcadvocacia.com/wp-content/uploads/2023/08/53F53A62-20F0-4D05-ABF8-54EF8825ECA4-1-e1693577684439.jpeg 605w, https://rnmcadvocacia.com/wp-content/uploads/2023/08/53F53A62-20F0-4D05-ABF8-54EF8825ECA4-1-e1693577684439-300x295.jpeg 300w" sizes="(max-width: 605px) 100vw, 605px" />															</div>
				</div>
				<div class="elementor-element elementor-element-2ddb756 elementor-widget elementor-widget-heading" data-id="2ddb756" data-element_type="widget" data-e-type="widget" data-widget_type="heading.default">
				<div class="elementor-widget-container">
					<h3 class="elementor-heading-title elementor-size-default">Ana Carolina do Nascimento</h3>				</div>
				</div>
				<div class="elementor-element elementor-element-43a8041 elementor-widget elementor-widget-heading" data-id="43a8041" data-element_type="widget" data-e-type="widget" data-widget_type="heading.default">
				<div class="elementor-widget-container">
					<h4 class="elementor-heading-title elementor-size-default">CP 55938L</h4>				</div>
				</div>
					</div>
		</div>
				<div class="elementor-column elementor-col-50 elementor-inner-column elementor-element elementor-element-4508865" data-id="4508865" data-element_type="column" data-e-type="column">
			<div class="elementor-widget-wrap elementor-element-populated">
						<div class="elementor-element elementor-element-79f378f elementor-widget elementor-widget-text-editor" data-id="79f378f" data-element_type="widget" data-e-type="widget" data-widget_type="text-editor.default">
				<div class="elementor-widget-container">
									<p><span style="font-weight: 400;">Advogada com 21 anos de atuação. Atuou no Brasil entre 2002 e 2017 e atualmente é jurista no Brasil e advogada em Portugal desde 2016. </span></p><p><span style="font-weight: 400;">Licenciada em Direito pela Universidade Gama Filho, no Rio de Janeiro, Brasil, em Março de 2002.</span></p><p><span style="font-weight: 400;">Graduou-se Mestre em Ciências Jurídico-Internacionais pela Universidade de Lisboa, Lisboa, Portugal. </span></p><p><span style="font-weight: 400;">É Formadora Certificada (CCP), capacitada para prestar formações na área jurídica.</span></p><p><span style="font-weight: 400;">Possui Especialização Avançada em Direito Notarial pela KaizenCert – Law and Management School, Portugal.</span></p><p><span style="font-weight: 400;">É Master Business Administration em Direito Empresarial pela Fundação Getulio Vargas &#8211; Rio de Janeiro, Brasil e Pós-Graduada em Direito Processual Civil pelas Universidades Cândido Mendes e Veiga de Almeida &#8211; Rio de Janeiro, Brasil.</span></p><p><span style="font-weight: 400;">No Brasil atuou como Advogada e Coordenadora de Equipas com passagem pelos Escritórios Sahione, Advogados, Rio de Janeiro, Brasil; TKAR, Advogados, Rio de Janeiro, Brasil e pelo Departamento Jurídico do Instituto de Desenvolvimento Educacional da Fundação Getulio Vargas, Rio de Janeiro – Escritório Décio Freire. </span></p><p><span style="font-weight: 400;">Em Portugal, atua em prática individual desde 2016</span></p>								</div>
				</div>
					</div>
		</div>
					</div>
		</section>
					</div>
		</div>
					</div>
		</section>
				</div>

<p>Ana Carolina do Nascimento CP 55938L Advogada com 21 anos de atuação. Atuou no Brasil entre 2002 e 2017 e atualmente é jurista no Brasil e advogada em Portugal desde 2016.  Licenciada em Direito pela Universidade Gama Filho, no Rio de Janeiro, Brasil, em Março de 2002. Graduou-se Mestre em Ciências Jurídico-Internacionais pela Universidade de Lisboa, Lisboa, [&hellip;]</p>
