{"id":988236,"date":"2025-05-22T18:14:42","date_gmt":"2025-05-22T18:14:42","guid":{"rendered":"https:\/\/rnmcadvocacia.com\/?page_id=988236"},"modified":"2025-10-17T14:46:48","modified_gmt":"2025-10-17T14:46:48","slug":"anna-carolina-moraes-de-castro","status":"publish","type":"page","link":"https:\/\/rnmcadvocacia.com\/en\/anna-carolina-moraes-de-castro\/","title":{"rendered":"Anna Carolina Moraes de Castro"},"content":{"rendered":"<div data-elementor-type=\"wp-page\" data-elementor-id=\"988236\" class=\"elementor elementor-988236\">\n\t\t\t\t\t\t<section class=\"elementor-section elementor-top-section elementor-element elementor-element-f31f3ef elementor-section-full_width elementor-section-height-full elementor-section-height-default elementor-section-items-middle\" data-id=\"f31f3ef\" data-element_type=\"section\" data-e-type=\"section\" data-settings=\"{&quot;background_background&quot;:&quot;classic&quot;}\">\n\t\t\t\t\t\t<div class=\"elementor-container elementor-column-gap-default\">\n\t\t\t\t\t<div class=\"elementor-column elementor-col-50 elementor-top-column elementor-element elementor-element-4c3d571\" data-id=\"4c3d571\" data-element_type=\"column\" data-e-type=\"column\" data-settings=\"{&quot;background_background&quot;:&quot;classic&quot;}\">\n\t\t\t<div class=\"elementor-widget-wrap elementor-element-populated\">\n\t\t\t\t\t\t<div class=\"elementor-element elementor-element-ef649ea elementor-widget elementor-widget-text-editor\" data-id=\"ef649ea\" data-element_type=\"widget\" data-e-type=\"widget\" data-widget_type=\"text-editor.default\">\n\t\t\t\t<div class=\"elementor-widget-container\">\n\t\t\t\t\t\t\t\t\t<p style=\"font-weight: 400;\">Advogada inscrita na Ordem dos Advogados Portugueses desde 2017 e na Ordem dos Advogados do Brasil desde 2004.<\/p><p style=\"font-weight: 400;\">P\u00f3s-graduada em Direito Civil e Processual Civil e em Direito Imobili\u00e1rio pela Universidade C\u00e2ndido Mendes (Rio de Janeiro), e em Ci\u00eancias Jur\u00eddicas pela Faculdade de Direito da Universidade Cat\u00f3lica Portuguesa \u2013 Escola de Lisboa.<\/p><p style=\"font-weight: 400;\">Fundadora da Ladeira e Castro Assessoria Jur\u00eddica (Rio das Ostras \u2013 RJ), onde atuou entre 2011 e 2023. Atualmente \u00e9 tamb\u00e9m s\u00f3cia do escrit\u00f3rio MCPM Advocacia, com atua\u00e7\u00e3o em todo o Brasil, sobretudo nas \u00e1reas de Direito do Trabalho, Previdenci\u00e1rio, do Consumidor, da Fam\u00edlia e Sucess\u00f5es.<\/p>\t\t\t\t\t\t\t\t<\/div>\n\t\t\t\t<\/div>\n\t\t\t\t<div class=\"elementor-element elementor-element-c16ae2c elementor-widget elementor-widget-heading\" data-id=\"c16ae2c\" data-element_type=\"widget\" data-e-type=\"widget\" data-widget_type=\"heading.default\">\n\t\t\t\t<div class=\"elementor-widget-container\">\n\t\t\t\t\t<h2 class=\"elementor-heading-title elementor-size-default\">Anna Carolina Moraes de Castro<\/h2>\t\t\t\t<\/div>\n\t\t\t\t<\/div>\n\t\t\t\t\t<\/div>\n\t\t<\/div>\n\t\t\t\t<div class=\"elementor-column elementor-col-50 elementor-top-column elementor-element elementor-element-ca6271c\" data-id=\"ca6271c\" data-element_type=\"column\" data-e-type=\"column\">\n\t\t\t<div class=\"elementor-widget-wrap elementor-element-populated\">\n\t\t\t\t\t\t<div class=\"elementor-element elementor-element-3f18166 elementor-widget elementor-widget-image\" data-id=\"3f18166\" data-element_type=\"widget\" data-e-type=\"widget\" data-widget_type=\"image.default\">\n\t\t\t\t<div class=\"elementor-widget-container\">\n\t\t\t\t\t\t\t\t\t\t\t\t\t\t\t<img decoding=\"async\" src=\"https:\/\/rnmcadvocacia.com\/wp-content\/uploads\/elementor\/thumbs\/Ensaio-Adv-299-scaled-r5usrsk815tq5358e3qlyu0v2wmndm949rv39pwevs.jpg\" title=\"Ensaio Adv (299)\" alt=\"Ensaio Adv (299)\" loading=\"lazy\" \/>\t\t\t\t\t\t\t\t\t\t\t\t\t\t\t<\/div>\n\t\t\t\t<\/div>\n\t\t\t\t\t<\/div>\n\t\t<\/div>\n\t\t\t\t\t<\/div>\n\t\t<\/section>\n\t\t\t\t<\/div>","protected":false},"excerpt":{"rendered":"<p>Advogada inscrita na Ordem dos Advogados Portugueses desde 2017 e na Ordem dos Advogados do Brasil desde 2004. P\u00f3s-graduada em Direito Civil e Processual Civil e em Direito Imobili\u00e1rio pela Universidade C\u00e2ndido Mendes (Rio de Janeiro), e em Ci\u00eancias Jur\u00eddicas pela Faculdade de Direito da Universidade Cat\u00f3lica Portuguesa \u2013 Escola de Lisboa. Fundadora da Ladeira [&hellip;]<\/p>","protected":false},"author":1,"featured_media":0,"parent":0,"menu_order":0,"comment_status":"closed","ping_status":"closed","template":"","meta":{"footnotes":""},"class_list":["post-988236","page","type-page","status-publish","hentry"],"_links":{"self":[{"href":"https:\/\/rnmcadvocacia.com\/en\/wp-json\/wp\/v2\/pages\/988236","targetHints":{"allow":["GET"]}}],"collection":[{"href":"https:\/\/rnmcadvocacia.com\/en\/wp-json\/wp\/v2\/pages"}],"about":[{"href":"https:\/\/rnmcadvocacia.com\/en\/wp-json\/wp\/v2\/types\/page"}],"author":[{"embeddable":true,"href":"https:\/\/rnmcadvocacia.com\/en\/wp-json\/wp\/v2\/users\/1"}],"replies":[{"embeddable":true,"href":"https:\/\/rnmcadvocacia.com\/en\/wp-json\/wp\/v2\/comments?post=988236"}],"version-history":[{"count":14,"href":"https:\/\/rnmcadvocacia.com\/en\/wp-json\/wp\/v2\/pages\/988236\/revisions"}],"predecessor-version":[{"id":988868,"href":"https:\/\/rnmcadvocacia.com\/en\/wp-json\/wp\/v2\/pages\/988236\/revisions\/988868"}],"wp:attachment":[{"href":"https:\/\/rnmcadvocacia.com\/en\/wp-json\/wp\/v2\/media?parent=988236"}],"curies":[{"name":"wp","href":"https:\/\/api.w.org\/{rel}","templated":true}]}}

<div data-elementor-type="wp-page" data-elementor-id="988236" class="elementor elementor-988236">
						<section class="elementor-section elementor-top-section elementor-element elementor-element-f31f3ef elementor-section-full_width elementor-section-height-full elementor-section-height-default elementor-section-items-middle" data-id="f31f3ef" data-element_type="section" data-e-type="section" data-settings="{&quot;background_background&quot;:&quot;classic&quot;}">
						<div class="elementor-container elementor-column-gap-default">
					<div class="elementor-column elementor-col-50 elementor-top-column elementor-element elementor-element-4c3d571" data-id="4c3d571" data-element_type="column" data-e-type="column" data-settings="{&quot;background_background&quot;:&quot;classic&quot;}">
			<div class="elementor-widget-wrap elementor-element-populated">
						<div class="elementor-element elementor-element-ef649ea elementor-widget elementor-widget-text-editor" data-id="ef649ea" data-element_type="widget" data-e-type="widget" data-widget_type="text-editor.default">
				<div class="elementor-widget-container">
									<p style="font-weight: 400;">Advogada inscrita na Ordem dos Advogados Portugueses desde 2017 e na Ordem dos Advogados do Brasil desde 2004.</p><p style="font-weight: 400;">Pós-graduada em Direito Civil e Processual Civil e em Direito Imobiliário pela Universidade Cândido Mendes (Rio de Janeiro), e em Ciências Jurídicas pela Faculdade de Direito da Universidade Católica Portuguesa – Escola de Lisboa.</p><p style="font-weight: 400;">Fundadora da Ladeira e Castro Assessoria Jurídica (Rio das Ostras – RJ), onde atuou entre 2011 e 2023. Atualmente é também sócia do escritório MCPM Advocacia, com atuação em todo o Brasil, sobretudo nas áreas de Direito do Trabalho, Previdenciário, do Consumidor, da Família e Sucessões.</p>								</div>
				</div>
				<div class="elementor-element elementor-element-c16ae2c elementor-widget elementor-widget-heading" data-id="c16ae2c" data-element_type="widget" data-e-type="widget" data-widget_type="heading.default">
				<div class="elementor-widget-container">
					<h2 class="elementor-heading-title elementor-size-default">Anna Carolina Moraes de Castro</h2>				</div>
				</div>
					</div>
		</div>
				<div class="elementor-column elementor-col-50 elementor-top-column elementor-element elementor-element-ca6271c" data-id="ca6271c" data-element_type="column" data-e-type="column">
			<div class="elementor-widget-wrap elementor-element-populated">
						<div class="elementor-element elementor-element-3f18166 elementor-widget elementor-widget-image" data-id="3f18166" data-element_type="widget" data-e-type="widget" data-widget_type="image.default">
				<div class="elementor-widget-container">
															<img decoding="async" src="https://rnmcadvocacia.com/wp-content/uploads/elementor/thumbs/Ensaio-Adv-299-scaled-r5usrsk815tq5358e3qlyu0v2wmndm949rv39pwevs.jpg" title="Ensaio Adv (299)" alt="Ensaio Adv (299)" loading="lazy" />															</div>
				</div>
					</div>
		</div>
					</div>
		</section>
				</div>

<p>Advogada inscrita na Ordem dos Advogados Portugueses desde 2017 e na Ordem dos Advogados do Brasil desde 2004. Pós-graduada em Direito Civil e Processual Civil e em Direito Imobiliário pela Universidade Cândido Mendes (Rio de Janeiro), e em Ciências Jurídicas pela Faculdade de Direito da Universidade Católica Portuguesa – Escola de Lisboa. Fundadora da Ladeira [&hellip;]</p>
